90?
0
What is the units digit of 12093?
3
What is the units digit of 901?
1
What is the tens digit of 15862?
6
What is the units digit of 109?
9
What is the units digit of 242?
2
What is the hundreds digit of 56561?
5
What is the hundreds digit of 46691?
6
What is the tens digit of 2651?
5
What is the tens digit of 5726?
2
What is the hundreds digit of 12482?
4
What is the tens digit of 743?
4
What is the thousands digit of 2920?
2
What is the hundreds digit of 3023?
0
What is the tens digit of 7679?
7
What is the thousands digit of 3454?
3
What is the units digit of 6392?
2
What is the units digit of 93085?
5
What is the units digit of 2032?
2
What is the tens digit of 1827?
2
What is the hundreds digit of 22376?
3
What is the units digit of 22?
2
What is the thousands digit of 9439?
9
What is the units digit of 306?
6
What is the tens digit of 19812?
1
What is the tens digit of 6437?
3
What is the tens digit of 871?
7
What is the units digit of 1344?
4
What is the thousands digit of 6339?
6
What is the hundreds digit of 1660?
6
What is the thousands digit of 1744?
1
What is the ten thousands digit of 34986?
3
What is the tens digit of 40404?
0
What is the tens digit of 6232?
3
What is the units digit of 173?
3
What is the thousands digit of 11230?
1
What is the hundreds digit of 1191?
1
What is the hundreds digit of 5272?
2
What is the units digit of 6437?
7
What is the tens digit of 7303?
0
What is the tens digit of 8152?
5
What is the units digit of 996?
6
What is the tens digit of 901?
0
What is the units digit of 13?
3
What is the thousands digit of 1952?
1
What is the hundreds digit of 3849?
8
What is the hundreds digit of 28325?
3
What is the hundreds digit of 2103?
1
What is the hundreds digit of 4900?
9
What is the hundreds digit of 237?
2
What is the units digit of 108301?
1
What is the units digit of 62397?
7
What is the hundred thousands digit of 122033?
1
What is the tens digit of 4445?
4
What is the hundreds digit of 1409?
4
What is the tens digit of 2261?
6
What is the thousands digit of 3476?
3
What is the tens digit of 3775?
7
What is the hundreds digit of 1297?
2
What is the units digit of 916?
6
What is the tens digit of 93488?
8
What is the ten thousands digit of 43668?
4
What is the ten thousands digit of 40753?
4
What is the hundreds digit of 315?
3
What is the ten thousands digit of 40920?
4
What is the thousands digit of 47631?
7
What is the tens digit of 765?
6
What is the tens digit of 987?
8
What is the hundreds digit of 969?
9
What is the tens digit of 1006?
0
What is the hundreds digit of 255?
2
What is the hundreds digit of 230?
2
What is the ten thousands digit of 50357?
5
What is the ten thousands digit of 97756?
9
What is the hundreds digit of 5687?
6
What is the hundreds digit of 569?
5
What is the tens digit of 67863?
6
What is the hundreds digit of 6306?
3
What is the thousands digit of 3094?
3
What is the ten thousands digit of 60973?
6
What is the thousands digit of 3590?
3
What is the thousands digit of 5629?
5
What is the thousands digit of 1679?
1
What is the units digit of 17593?
3
What is the hundreds digit of 2877?
8
What is the tens digit of 603?
0
What is the hundreds digit of 54611?
6
What is the hundreds digit of 1920?
9
What is the units digit of 3586?
6
What is the units digit of 7997?
7
What is the units digit of 2108?
8
What is the tens digit of 3874?
7
What is the ten thousands digit of 26242?
2
What is the units digit of 1508?
8
What is the hundreds digit of 5374?
3
What is the units digit of 19583?
3
What is the thousands digit of 77398?
7
What is the tens digit of 4535?
3
What is the hundreds digit of 448?
4
What is the units digit of 453?
3
What is the hundreds digit of 1844?
8
What is the thousands digit of 5874?
5
What is the units digit of 5008?
8
What is the tens digit of 36130?
3
What is the thousands digit of 5799?
5
What is the tens digit of 55174?
7
What is the hundreds digit of 104866?
8
What is the tens digit of 386?
8
What is the thousands digit of 37377?
7
What is the ten thousands digit of 23313?
2
What is the tens digit of 3639?
3
What is the thousands digit of 2298?
2
What is the tens digit of 10191?
9
What is the hundreds digit of 1172?
1
What is the tens digit of 1035?
3
What is the tens digit of 97152?
5
What is the units digit of 634?
4
What is the ten thousands digit of 54680?
5
What is the units digit of 5091?
1
What is the units digit of 5303?
3
What is the ten thousands digit of 24818?
2
What is the thousands digit of 2663?
2
What is the thousands digit of 2536?
2
What is the units digit of 2605?
5
What is the thousands digit of 104142?
4
What is the hundreds digit of 2541?
5
What is the thousands digit of 97035?
7
What is the tens digit of 22292?
9
What is the units digit of 282?
2
What is the tens digit of 2958?
5
What is the hundreds digit of 1891?
8
What is the hundreds digit of 6654?
6
What is the tens digit of 461?
6
What is the thousands digit of 4249?
4
What is the hundreds digit of 322?
3
What is the thousands digit of 29202?
9
What is the tens digit of 4707?
0
What is the tens digit of 8984?
8
What is the tens digit of 7508?
0
What is the tens digit of 9644?
4
What is the hundreds digit of 777?
7
What is the ten thousands digit of 45825?
4
What is the thousands digit of 13978?
3
What is the thousands digit of 2385?
2
What is the ten thousands digit of 14716?
1
What is the hundreds digit of 13915?
9
What is the tens digit of 105126?
2
What is the thousands digit of 1027?
1
What is the thousands digit of 139386?
9
What is the ten thousands digit of 34654?
3
What is the hundreds digit of 4267?
2
What is the tens digit of 172767?
6
What is the hundreds digit of 23671?
6
What is the units digit of 458?
8
What is the hundreds digit of 4641?
6
What is the tens digit of 29?
2
What is the ten thousands digit of 100829?
0
What is the hundreds digit of 3211?
2
What is the thousands digit of 1078?
1
What is the hundreds digit of 219?
2
What is the thousands digit of 2046?
2
What is the ten thousands digit of 24495?
2
What is the thousands digit of 16625?
6
What is the units digit of 46?
6
What is the units digit of 5835?
5
What is the ten thousands digit of 13364?
1
What is the units digit of 1091?
1
What is the units digit of 2774?
4
What is the thousands digit of 5529?
5
What is the hundreds digit of 1282?
2
What is the units digit of 75368?
8
What is the thousands digit of 19614?
9
What is the units digit of 1610?
0
What is the units digit of 12842?
2
What is the thousands digit of 208044?
8
What is the units digit of 20784?
4
What is the hundreds digit of 10309?
3
What is the tens digit of 22126?
2
What is the thousands digit of 57709?
7
What is the thousands digit of 3122?
3
What is the units digit of 4867?
7
What is the tens digit of 15446?
4
What is the hundreds digit of 739?
7
What is the tens digit of 4275?
7
What is the units digit of 2261?
1
What is the tens digit of 1205?
0
What is the hundreds digit of 598?
5
What is the thousands digit of 59847?
9
What is the tens digit of 11963?
6
What is the tens digit of 22145?
4
What is the thousands digit of 2683?
2
What is the hundreds digit of 5974?
9
What is the thousands digit of 3946?
3
What is the units digit of 2951?
1
What is the units digit of 8469?
9
What is the units digit of 1682?
2
What is the hundreds digit of 1008?
0
What is the thousands digit of 19095?
9
What is the thousands digit of 10797?
0
What is the thousands digit of 16607?
6
What is the tens digit of 43?
4
What is the units digit of 823?
3
What is the ten thousands digit of 11441?
1
What is the tens digit of 17568?
6
What is the units digit of 13728?
8
What is the hundreds digit of 28487?
4
What is the hundreds digit of 5962?
9
What is the thousands digit of 5524?
5
What is the tens digit of 10109?
0
What is the thousands digit of 32864?
2
What is the thousands digit of 96856?
6
What is the units digit of 345?
5
What is the hundreds digit of 2190?
1
What is the units digit of 65067?
7
What is the thousands digit of 2883?
2
What is the ten thousands digit of 102099?
0
What is the thousands digit of 25642?
5
What is the hundreds digit of 9795?
7
What is the hundreds digit of 36270?
2
What is the thousands digit of 1252?
1
What is the hu